{"id":98,"date":"2021-03-29T18:12:47","date_gmt":"2021-03-29T18:12:47","guid":{"rendered":"http:\/\/menschzuerst-ktn.at\/?page_id=98"},"modified":"2023-03-20T09:37:15","modified_gmt":"2023-03-20T09:37:15","slug":"was-machen-wir","status":"publish","type":"page","link":"http:\/\/menschzuerst-ktn.at\/?page_id=98","title":{"rendered":"Was machen wir?"},"content":{"rendered":"\t\t<div data-elementor-type=\"wp-page\" data-elementor-id=\"98\" class=\"elementor elementor-98\" data-elementor-settings=\"[]\">\n\t\t\t\t\t\t\t<div class=\"elementor-section-wrap\">\n\t\t\t\t\t\t\t<section class=\"elementor-section elementor-top-section elementor-element elementor-element-68618508 elementor-section-boxed elementor-section-height-default elementor-section-height-default\" data-id=\"68618508\" data-element_type=\"section\" data-settings=\"{&quot;ekit_has_onepagescroll_dot&quot;:&quot;yes&quot;}\">\n\t\t\t\t\t\t<div class=\"elementor-container elementor-column-gap-default\">\n\t\t\t\t\t<div class=\"elementor-column elementor-col-100 elementor-top-column elementor-element elementor-element-59614abf\" data-id=\"59614abf\" data-element_type=\"column\">\n\t\t\t<div class=\"elementor-widget-wrap elementor-element-populated\">\n\t\t\t\t\t\t\t\t<div class=\"elementor-element elementor-element-1723d7f8 elementor-widget elementor-widget-text-editor\" data-id=\"1723d7f8\" data-element_type=\"widget\" data-settings=\"{&quot;ekit_we_effect_on&quot;:&quot;none&quot;}\" data-widget_type=\"text-editor.default\">\n\t\t\t\t<div class=\"elementor-widget-container\">\n\t\t\t\t\t<div class=\"elementor-text-editor elementor-clearfix\"><!-- wp:paragraph -->\n<p><strong>Erfahrungs-Austausch <\/strong><\/p>\n<p>Wir tauschen uns mit anderen Menschen mit Lern-Schwierigkeiten und Selbst-Vertretungen aus.<\/p>\n<p>Wir sprechen \u00fcber wichtige Themen.<\/p>\n<p>Zum Beispiel \u00fcber Lohn statt Taschengeld oder Selbst-Bestimmung.<\/p>\n<p>Wir sprechen mit Menschen mit Lern-Schwierigkeiten aus K\u00e4rnten und ganz \u00d6sterreich.<\/p>\n<p><strong>\u00a0<\/strong><\/p>\n<p><strong>Vernetzung <\/strong><\/p>\n<p>Wir treffen uns mit anderen Selbst-Vertretungen und Interessens-Vertretungen.<\/p>\n<p>Und wir treffen uns mit wichtigen Anlaufstellen f\u00fcr Menschen mit Behinderungen. Zum Beispiel mit der Anwaltschaft f\u00fcr Menschen mit Behinderung.<\/p>\n<p>\u00a0<\/p>\n<p><strong>Netzwerk-Selbstvertretung \u00d6sterreich <\/strong><\/p>\n<p>Wir sind beim Netzwerk-Selbstvertretung \u00d6sterreich dabei.<\/p>\n<p>Beim Netzwerk-Selbstvertretung \u00d6sterreich sind Selbst-Vertretungsgruppen aus ganz \u00d6sterreich dabei. Dabei sprechen wir \u00fcber wichtige Themen. Wie zum Beispiel pers\u00f6nliche Assistenz f\u00fcr Menschen mit Lern-Schwierigkeiten oder Lohn statt Taschengeld<\/p>\n<p>Und wir bereiten auch die Selbst-Vertretungs-Tagung vor.<\/p>\n<p><strong>\u00a0<\/strong><\/p>\n<p><strong>Vortr\u00e4ge, Arbeitsgruppen, Veranstaltungen <\/strong><\/p>\n<p>Wir machen Vortr\u00e4ge und Arbeitsgruppen. Zum Beispiel bei der Selbstvertretungs-Tagung oder auf der Universit\u00e4t.<\/p>\n<p>Dabei erz\u00e4hlen wir \u00fcber unsere Arbeit als Selbstvertreter.<\/p>\n<p>Und wir erz\u00e4hlen \u00fcber unsere Erfahrungen.<\/p>\n<p>Oder was f\u00fcr Menschen mit Lern-Schwierigkeiten wichtig ist.<\/p>\n<!-- \/wp:paragraph --><!-- wp:paragraph -->\n<p>\u00a0<\/p>\n<!-- \/wp:paragraph --><\/div>\n\t\t\t\t<\/div>\n\t\t\t\t<\/div>\n\t\t\t\t\t<\/div>\n\t\t<\/div>\n\t\t\t\t\t\t\t<\/div>\n\t\t<\/section>\n\t\t\t\t\t\t<\/div>\n\t\t\t\t\t<\/div>\n\t\t","protected":false},"excerpt":{"rendered":"<p>Erfahrungs-Austausch Wir tauschen uns mit anderen Menschen mit Lern-Schwierigkeiten und Selbst-Vertretungen aus. Wir sprechen \u00fcber wichtige Themen. Zum Beispiel \u00fcber Lohn statt Taschengeld oder Selbst-Bestimmung. Wir sprechen mit Menschen mit Lern-Schwierigkeiten aus K\u00e4rnten und ganz \u00d6sterreich. \u00a0 Vernetzung Wir treffen uns mit anderen Selbst-Vertretungen und Interessens-Vertretungen. Und wir treffen uns mit wichtigen Anlaufstellen f\u00fcr Menschen [&hellip;]<\/p>\n","protected":false},"author":1,"featured_media":0,"parent":0,"menu_order":0,"comment_status":"closed","ping_status":"closed","template":"","meta":{"footnotes":""},"class_list":["post-98","page","type-page","status-publish","hentry"],"_links":{"self":[{"href":"http:\/\/menschzuerst-ktn.at\/index.php?rest_route=\/wp\/v2\/pages\/98","targetHints":{"allow":["GET"]}}],"collection":[{"href":"http:\/\/menschzuerst-ktn.at\/index.php?rest_route=\/wp\/v2\/pages"}],"about":[{"href":"http:\/\/menschzuerst-ktn.at\/index.php?rest_route=\/wp\/v2\/types\/page"}],"author":[{"embeddable":true,"href":"http:\/\/menschzuerst-ktn.at\/index.php?rest_route=\/wp\/v2\/users\/1"}],"replies":[{"embeddable":true,"href":"http:\/\/menschzuerst-ktn.at\/index.php?rest_route=%2Fwp%2Fv2%2Fcomments&post=98"}],"version-history":[{"count":4,"href":"http:\/\/menschzuerst-ktn.at\/index.php?rest_route=\/wp\/v2\/pages\/98\/revisions"}],"predecessor-version":[{"id":346,"href":"http:\/\/menschzuerst-ktn.at\/index.php?rest_route=\/wp\/v2\/pages\/98\/revisions\/346"}],"wp:attachment":[{"href":"http:\/\/menschzuerst-ktn.at\/index.php?rest_route=%2Fwp%2Fv2%2Fmedia&parent=98"}],"curies":[{"name":"wp","href":"https:\/\/api.w.org\/{rel}","templated":true}]}}

<div data-elementor-type="wp-page" data-elementor-id="98" class="elementor elementor-98" data-elementor-settings="[]">
							<div class="elementor-section-wrap">
							<section class="elementor-section elementor-top-section elementor-element elementor-element-68618508 elementor-section-boxed elementor-section-height-default elementor-section-height-default" data-id="68618508" data-element_type="section" data-settings="{&quot;ekit_has_onepagescroll_dot&quot;:&quot;yes&quot;}">
						<div class="elementor-container elementor-column-gap-default">
					<div class="elementor-column elementor-col-100 elementor-top-column elementor-element elementor-element-59614abf" data-id="59614abf" data-element_type="column">
			<div class="elementor-widget-wrap elementor-element-populated">
								<div class="elementor-element elementor-element-1723d7f8 elementor-widget elementor-widget-text-editor" data-id="1723d7f8" data-element_type="widget" data-settings="{&quot;ekit_we_effect_on&quot;:&quot;none&quot;}" data-widget_type="text-editor.default">
				<div class="elementor-widget-container">
					<div class="elementor-text-editor elementor-clearfix"><!-- wp:paragraph -->
<p><strong>Erfahrungs-Austausch </strong></p>
<p>Wir tauschen uns mit anderen Menschen mit Lern-Schwierigkeiten und Selbst-Vertretungen aus.</p>
<p>Wir sprechen über wichtige Themen.</p>
<p>Zum Beispiel über Lohn statt Taschengeld oder Selbst-Bestimmung.</p>
<p>Wir sprechen mit Menschen mit Lern-Schwierigkeiten aus Kärnten und ganz Österreich.</p>
<p><strong> </strong></p>
<p><strong>Vernetzung </strong></p>
<p>Wir treffen uns mit anderen Selbst-Vertretungen und Interessens-Vertretungen.</p>
<p>Und wir treffen uns mit wichtigen Anlaufstellen für Menschen mit Behinderungen. Zum Beispiel mit der Anwaltschaft für Menschen mit Behinderung.</p>
<p> </p>
<p><strong>Netzwerk-Selbstvertretung Österreich </strong></p>
<p>Wir sind beim Netzwerk-Selbstvertretung Österreich dabei.</p>
<p>Beim Netzwerk-Selbstvertretung Österreich sind Selbst-Vertretungsgruppen aus ganz Österreich dabei. Dabei sprechen wir über wichtige Themen. Wie zum Beispiel persönliche Assistenz für Menschen mit Lern-Schwierigkeiten oder Lohn statt Taschengeld</p>
<p>Und wir bereiten auch die Selbst-Vertretungs-Tagung vor.</p>
<p><strong> </strong></p>
<p><strong>Vorträge, Arbeitsgruppen, Veranstaltungen </strong></p>
<p>Wir machen Vorträge und Arbeitsgruppen. Zum Beispiel bei der Selbstvertretungs-Tagung oder auf der Universität.</p>
<p>Dabei erzählen wir über unsere Arbeit als Selbstvertreter.</p>
<p>Und wir erzählen über unsere Erfahrungen.</p>
<p>Oder was für Menschen mit Lern-Schwierigkeiten wichtig ist.</p>
<!-- /wp:paragraph --><!-- wp:paragraph -->
<p> </p>
<!-- /wp:paragraph --></div>
				</div>
				</div>
					</div>
		</div>
							</div>
		</section>
						</div>
					</div>

<p>Erfahrungs-Austausch Wir tauschen uns mit anderen Menschen mit Lern-Schwierigkeiten und Selbst-Vertretungen aus. Wir sprechen über wichtige Themen. Zum Beispiel über Lohn statt Taschengeld oder Selbst-Bestimmung. Wir sprechen mit Menschen mit Lern-Schwierigkeiten aus Kärnten und ganz Österreich.   Vernetzung Wir treffen uns mit anderen Selbst-Vertretungen und Interessens-Vertretungen. Und wir treffen uns mit wichtigen Anlaufstellen für Menschen [&hellip;]</p>
